265 + 0 + 132?
-122
What is 95 + -82 + -80 + 111?
44
What is (-62 - 26) + 49 + 6?
-33
Evaluate 26 + (-3 - -8) + (-574 - -501).
-42
104 + -91 + (-24 - -55)
44
Evaluate -73 - 5 - (282 - 267) - 6.
-99
What is (7 - 3) + 5 - (-2752 + 2746)?
15
982 + -993 + -12 + 77 + (-3 - (-1 - 3))
55
What is 20 - ((-1 - 7 - -18) + -23)?
33
Calculate (84 - 1) + (-22 - -47 - (-7 + 11)).
104
(20 - 56) + -22 + -5 + 21
-42
Evaluate 30 + 10 + 6 + (19 - 30) + -14.
21
1381 - 1408 - (-4 - 36)
13
0 - 49 - (-281 + -149 + 238)
143
Evaluate -36 + 24 + (8 - -4) - -30 - -2.
32
What is the value of -174 + 168 - (-44 + -2)?
40
53 + (7 - -37) + -38
59
What is the value of 11 - 1 - ((-22 - 0) + 38) - -13?
7
What is the value of 59 + (75 - 148) - 12?
-26
What is the value of (2 - (-20 + -11 + 3) - 16) + (-38 - 1)?
-25
Evaluate -4 + 89 - (-159 + 197).
47
What is the value of 21 - (67 + (-43 - -40))?
-43
What is the value of -120 + (94 - -54) + -30?
-2
What is 84 + -112 + (63 - -25)?
60
What is (-51 - (-80 - -68)) + -71?
-110
Evaluate 6 + -38 + -4 + (-78 - -105).
-9
What is ((3 - -5) + 3 - 31) + -60 + -3?
-83
What is (8 + -43 + (2 - 6) - -15) + 0?
-24
Calculate 0 - (76 - 2) - (24613 + -24647).
-40
What is the value of 44 + (59 + -47 - 53)?
3
Calculate (-4 - (3 - 72)) + (-75 + 33 - -41).
64
What is (72 - 27 - 131) + 221?
135
What is the value of 47 - 50 - (-4 + 23)?
-22
What is the value of (0 - (-12 + 1)) + -3 + (41 - 12) + 14?
51
What is (1 - -142) + (-18068 - -17908)?
-17
Evaluate -13 - (18 - 16) - (3 + -54).
36
What is (15 - (-3 - 10)) + -41?
-13
Calculate (-2 - 7) + (-76 - 3) - (-2 - -1 - 8).
-79
What is -9 + 4 - (35 + (-40 - 10))?
10
Calculate (45 - 1) + (45 - 52 - 7).
30
What is (6 - 11) + 10 + (-9 - 3)?
-7
What is the value of 6 - ((73 - -14) + -21 - 18)?
-42
Calculate -1 + 1 + (5 - 13) + -375 + 332.
-51
What is -70 - (2 - (114 - -46))?
88
What is the value of (12929 - 12906) + -120 + -1?
-98
Evaluate (-1 - -4) + (-21 - -10) + (-463 - -430).
-41
Evaluate 3 + -56 + 67 + -1 + 17.
30
What is (-1 - 4) + -11 - 16 - (-4 + -9)?
-19
What is 8 + (-7 - 13) + 40 + -27 + -60?
-59
514 + -511 + -17 + 1 - -52
39
What is -10 + 0 + -30 + 36 + (-53 - -19)?
-38
What is the value of (0 + -15 + 13 - 0) + -3 + -2 - -32?
25
-2 + 0 + 53 + -9 + (9 - -28 - 20)
59
0 + -2 + (-1 - 6) + 8 + (146 - 177)
-32
Evaluate 0 + -3 + (-2 - (-38 - -73)).
-40
What is (4 + 2 - (327 + -310)) + 11?
0
What is 2779 + -2772 - (-1 + -1 - -2 - -20)?
-13
-20 - (54 - (119 + -29))
16
What is -6 + (11 - -1 - (35 + (23 - 48)))?
-4
-26 + (-40 - (40 + (-65 - -18)))
-59
What is the value of 10 + (-2 - ((-10 - -16) + -6)) + 24 + 2?
34
Evaluate 0 + -100 - (285 + -13 + -245).
-127
1 + 27 + 39 + -34 - (-31 + 44)
20
Evaluate (134 - (-141 - -387)) + 111.
-1
5 + 5 + 2 + -3 + 2
11
What is the value of -167 + 141 + (3 + -10 - 1)?
-34
Evaluate 61 + (25 - 15 - (13 + 16 + -8 + -7)).
57
What is the value of -29 + 13 + 16 + -6 + -34 + 0?
-40
(-15 - -17) + -9 + -7 + 8 - -2
-4
Evaluate -39 + ((17 - 16 - -2) + 19 - 12).
-29
What is (22 - (-8 - -5)) + (-5 - (3 + -2)) - 3?
16
What is the value of (13 - (1 - 1)) + (13581 - 13565)?
29
Evaluate 37 + (11 + -7 - 2) - (91 - 75).
23
(4 - 2) + 16 + -13 - (-39 - -77)
-33
0 + 85 + (23 - 0 - 3 - (-1 - -25))
81
Calculate -14 + (-52 - (-3 + (-2 - 0) + (7 - 3))).
-65
What is (-2 - (10 - (21 - 18 - 3))) + 53 + 1?
42
Evaluate 71 + 32 + -34 + 4 + -4 + -8 + -2.
59
What is the value of 67 + (-16 - -1) + (-10 - -55 - 41)?
56
What is the value of 318 + -390 + -1 + -13 + (-26 - -12)?
-100
Evaluate (502 - 437) + (-3 - 44).
18
What is the value of -15 + (21 - (51 + -21)) - 20?
-44
What is 60 + -139 + 71 - (-91 - -2)?
81
What is the value of 143 + -128 + (-15 - (1 + 8))?
-9
What is the value of (5 - 28) + (19 - (0 + -1))?
-3
What is the value of 12 + -75 + -1 + 5 + -6 + 14?
-51
What is -13 + (-12 - -46) - (-10 + 0)?
31
Evaluate -4 + 15 + 1 + -9 - (0 + (-3 - 6)).
12
Evaluate 11 + (17 - (23 - 12)) + -11.
6
Calculate -37 + (2 - -20 - -14).
-1
187 + -211 - (1 - (1 - 0))
-24
Evaluate -65 - (53 - -8 - 135).
9
Evaluate (37 - 33) + -42 + 16.
-22
What is (82 - -7) + 7 - (39 + 5 + -47)?
99
What is (-1 + 4 - -3) + -60 + -5 + -19 + 23?
-55
What is (-10 - (-12 - -5)) + 79 - (3 + -12 + 3)?
82
What is the value of -5 + (3 + (8 - 34) - -7 - -93)?
72
Calculate 76 + -20 + (-10 - (-23 - -12) - 1 - -6).
62
What is the value of 0 + 2 + 110 - (439 - 433) - -19?
125
What is the value of 12 + 0 + (4 - 22) + (-13 - -23) + -42?
-38
Calculate 166 - (112 + 9) - 66.
-21
Evaluate -26 + (31 - 45) + -2 + 2.
-40
What is the value of 100 + (18 - 12 - -11) + 3 + -12?
108
What is (4 - -128) + -43 + (19 - 9)?
99
(-2 - 6) + 205 + -51 + -135
11
Evaluate (12 + -18 - -6) + -50.
-50
What is the value of (-16 - -61) + -7 - 91?
-53
What is the value of 12 + ((12 - 12) + -2 - 18) - -2?
-6
Calculate -57 - (86 - (49 + 103)).
9
What is -58 + (107 - 141 - -5)?
-87
What is 30 - (128 + (-9 - 87))?
-2
Evaluate 15 + 7 + -2 + -110 + -12.
-102
59 - ((189 - 42) + -29)
-59
Evaluate (458 - 426) + -120 + -1 - (6 - 0 - 1).
-94
Calculate 17 + -89 + (-259 - -440).
109
1 - 44 - ((7 - -36 - 30) + (-1 - 5))
-50
Evaluate (28 - -58 - 145) + -4.
-63
What is the value of 46 + (-39 - 11) - (3 + (-7 - 2))?
2
Evaluate 32 - ((47 - -10) + -59).
34
What is the value of -6 + 13 + (28 - (-11 - -33) - -111)?
124
Calculate -5 - ((-15 - -28 - 12 - 9) + 8 + -52).
47
Evaluate (-169 - -133) + 33 - (-81 - -1).
77
Calculate (39 - -1) + (27 - (-64 + 93)) + 10.
48
Calculate 1 + 1 + 21 + (-77 - -39).
-15
What is the value of 6 + -13 - (-2 + 13 - (-128 - -11))?
-135
What is the value of 8 + 5 + (-1 + 25 - (183 + -71))?
-75
Evaluate 117 - (100 + -66 + 96).
-13
Calculate 6 + -5 + 13 + -27 + 9 - -8.
4
(63 - 37) + -94 - -45
-23
What is the value of -44 + -2 + (-22 - -2 - (27 - 33))?
-60
(20 - 29 - ((21 - 2) + -44)) + 83
99
-23 - (5 + (-30 - -45))
-43
What is (-1 - -62) + (8 - (4 + -1)) + 87 + -96?
57
What is the value of -88 - (-1 + -23 + (-57 - -82) + 0 + -12)?
-77
-32 + 38 + (5 - (8 + 4)) + (2 - -69)
70
Evaluate -130 - (-11 + -8 + -4 + -4 + 8 + 4).
-115
What is -21 + 30 - (-311 + 285)?
35
What is 130 + 3 + (-1330 - -1153)?
-44
Evaluate -283 + 286 - (-9 + -6) - (-3 - -1).
20
What is the value of -113 + 102 + 3 - (1 + (0 - 49))?
40
What is (-26 - (-5 + -2 + -49)) + 40?
70
What is -1 + -43 - (37 + 93 + -114)?
-60
(-63 - -43) + (9 - -85)
74
Calculate -1 + -4 + 1 + (-22 - (39 + 6)) + 24.
-47
What is (-1 - 43) + (56 - (-79 + 113))?
-22
What is -13 - 2 - (17 - (22 + 8)) - -9?
7
What is (5 - -5) + -27 + 2 + (11 - -58)?
54
Evaluate -9 + (-18 - -37) + (-5 - -30) + 6.
41
What is the value of -145 + 46 - (-9 + 10 - 8)?
-92
What is the value of 10 - (-71 - ((-978 - -986) + -1 + -7))?
81
What is -51 - 1 - (32 - 80)?
-4
76 + -13 + 2 + 3 + -10 + 13 + 4
75
Evaluate -17 + (5 - -13) - -6 - -46.
53
Calculate -23 - (-3 + -76 - (154 - 158)).
52
What is the value of 204 - (234 + (-123 - 1))?
94
Evaluate 809 + -801 + (-18 - -7).
-3
-18 + 24 + -1 + 7 + -5
7
Evaluate 71 + 2 - (-60 + 9 + 53 - (0 + 1)).
72
-115 + 0 + 1 - (-50978 + 50977)
-113
-4 + 7 + -10 + (-8 - (19 + -22))
-12
0 + 11 + -3 - (44 + -77 + 42)
-1
What is -98 + -53 + 179 + -128?
-100
What is -5 - ((0 - -16) + -475 + 281 + 17)?
156
What is (0 + (6 - -3) - (22 + 22 + -42)) + 44?
51
What is the value of (49 - -4) + -884 + 852?
21
What is the value of (116 - (81 - -27)) + (10 - (2 - 1))?
17
What is -21 + -54 + 138 - 50?
13
What is the value of 3 + 14 + 12 + (-13 - -9)?
25
What is the value of -5 + -9 + 23 + (-91 - -84) - (1 + -6)?
7
(71 - 183) + 99 - (-1 - -32)
-44
What is 86 + (-37 - 16 - 53)?
-20
Evaluate (-14 + 7 - (1 - 8)) + (-53 + 82 - -98).
127
Calculate (-7 - (2 + (-4 - (-1 + -3 + 13)))) + 8.
12
(0 - -30 - (-222 - -236)) + 0 + -44
-28
What is the value of -31 + 66 - 69 - -63?
29
What is the value of (-227 - -120) + 98 + (-1 + 67 - -1)?
58
What is (19 - 40) + 10 - 8 - -40?
21
Evaluate (-15 + 14 - 2) + 12 + -10 + (-9 - 1).
-11
Calculate -267 + 106 + 6 + 259.
104
Calculate 3 + -1 + -52 + 62 + (45 - 49).
8
Calculate 90 + (76 - 155) + (-11 - -2) + -63.
-61
5 + -2 - (-644 + 542)
105
What is the value of (-44 + -1 - -31) + -14?
-28
What is -5 - 3 - ((-1 - 11 - -21) + -40 + 17)?
6
Evaluate -20 - (28 + -48) - (1 + 46 + -3).
-44
-32 - (-12 + (-19 - -21) + -1 + 0 - -21)
-42
Evaluate 